e k(7). Suppose a*c = -13 + 45. Give o(c).
-18
Let l = -136 + 51. Let a be (5/(-2))/(-8 + l/(-10)). Let x(o) = o**3 + 4*o**2 - 2*o + 4. Determine x(a).
-11
Let v(n) be the first derivative of -3*n**2/2 + 52*n + 5724. Calculate v(12).
16
Let a(o) = -3*o**2 + 7*o + 42. Let v = -39433 + 39430. What is a(v)?
-6
Let t = -215 - -243. Suppose 32 = i + t. Let k(d) be the first derivative of -d**3/3 + 3*d**2 - 2*d - 2. Determine k(i).
6
Let c(l) = 2*l**3 - 3*l**2 + 3*l - 2. Let n = 85 + -77. Suppose 9*j - 4*f - n = 13*j, 5*j + 2 = -3*f. Calculate c(j).
8
Let r(d) = 12*d + 1. Let i = -137 - -69. Let j = i - -32. Let u = j + 35. Calculate r(u).
-11
Let n(j) = 2*j**2 + 5*j - 1. Suppose 2*p = 2 - 12. Let d(a) = 3*a**2 + 8*a - 1. Let c(b) = p*d(b) + 7*n(b). Let r = -493568 - -493563. What is c(r)?
-2
Suppose 0 = -2*t + p + 3, -5*p + 9 = 3*t - 15. Let o(b) = 3*b**2 - 247*b - 4. Let u(c) = c**2 - 123*c - 1. Let n(j) = o(j) - 2*u(j). Calculate n(t).
4
Let h(v) = -v. Let w(u) = u**2 + 5*u - 2. Suppose 11*k = -11*k + 132. Let g(l) = k*h(l) + w(l). What is g(0)?
-2
Let u(z) = -8*z + 63. Let y(m) = 23*m - 180. Let x(h) = 17*u(h) + 6*y(h). Suppose -2*d + 17 = 5*k, -d - 4 = -2*d + 2*k. Calculate x(d).
3
Let p = -5646 + 5628. Let o(x) = -x**3 - 18*x**2 + x + 14. Give o(p).
-4
Let r(l) be the third derivative of -l**4/24 - 13*l**3/3 + 2197*l**2. Determine r(-10).
-16
Let y(r) = -r**3 + 50*r**2 - 94*r - 86. Suppose 1465 = 48*g - 359 - 480. Determine y(g).
10
Let v(i) = -i**2 + 4*i - 1. Let y(o) = 12*o + 14. Let k be y(4). Let u = 71 - k. Suppose 4*n - u = n. Calculate v(n).
2
Let q(m) = -22*m**3 - 18*m**2 - 12*m - 9. Let y(p) = -51*p**3 - 37*p**2 - 23*p - 18. Let j(i) = 7*q(i) - 3*y(i). Give j(-14).
5
Let s = -643 + 642. Let i be (s - (-6)/10)/((-28)/490). Let p(o) = 5*o - 6*o - 4*o + o**2 - 10. Calculate p(i).
4
Let q(o) = 27*o + 85. Let j be q(-3). Let d(f) = -12*f + 5 + 703*f**2 + j - 349*f**2 - 5 - 355*f**2. Suppose 0 = n + z + 4*z + 12, 3*n + 36 = 3*z. Give d(n).
4
Let d(k) be the third derivative of -k**6/120 + k**5/15 + k**4/6 + 4*k**3/3 - 122*k**2 + 4. What is d(5)?
3
Let b = -27 - -11. Let r be (2/8)/((-4)/b). Let u(o) = 3*o + r + o - 5*o + 2*o. Give u(-2).
-1
Let x(r) be the second derivative of r**7/2520 + r**6/72 + r**5/30 - r**4/6 - 3*r**3/2 - 18*r - 3. Let s(y) be the third derivative of x(y). Calculate s(-9).
-5
Let j(u) = -u + 13. Let g = -262 - 551. Let y = g + 819. Calculate j(y).
7
Let k(a) = a**3 - 11*a**2 + 12. Suppose -396 = -11*x + 176. Suppose 0 = 3*v - 3*p - 21, 4*v + 2*p - x = -0*p. What is k(v)?
12
Let d(q) be the first derivative of -q**4/4 + 10*q**3/3 - 9*q**2/2 + 14*q - 141. Determine d(10).
-76
Let p(z) = 4*z**3 + 2*z**2 - 92*z - 42. Let g(a) = -3*a**3 - 2*a**2 + 69*a + 43. Let t(y) = -3*g(y) - 2*p(y). What is t(-2)?
1
Let g(v) be the second derivative of -1/12*v**4 + 1/20*v**5 + 0 + 1/3*v**3 + 1/2*v**2 + 2*v. Let i(j) = -2*j + 18. Let n be i(8). Calculate g(n).
9
Let o(n) = 0*n + 0*n - 3*n - 1 - n**2. Suppose -464 = -3*t - 6*b + 4*b, 5*t - 5*b - 740 = 0. Suppose 15 = t*j - 157*j. Determine o(j).
-1
Let h be (7200/56)/9 + (-6)/21. Let i(f) = 2*f - 26. Calculate i(h).
2
Let c(l) = -5*l - 1687*l**2 + 57 - 12*l + 1686*l**2 + l. Calculate c(-19).
0
Let z = 26212 - 26219. Let c(t) = t**2 + 11. What is c(z)?
60
Let s(q) = -q**3 - q**2 - 1. Let i(a) = 11*a**2 + 13*a + 10. Let l = -121 + 120. Let u(f) = l*i(f) + s(f). What is u(-11)?
11
Let h(a) = a**2 + 14*a**2 - 5*a**2 + 2*a**2 + a**2 + 2. Calculate h(1).
15
Let z(v) = 133*v + 22 + 6*v**2 - 5*v**2 - 33*v - 111*v. Determine z(9).
4
Suppose 0*l - 2 = -2*l. Let h = -8 + l. Let b(j) = 441*j**2 + 41*j - 10. Let c(t) = 88*t**2 + 7*t. Let y(m) = -b(m) + 5*c(m). What is y(h)?
3
Let n(y) be the third derivative of 5/2*y**3 + 0 + 66*y**2 + 2*y - 1/8*y**4. Determine n(6).
-3
Let l(n) = -n**3 + 23*n - 5. Suppose 0 = -2*d - 2*r + 78, 53 = 2*d + 4*r - 15. Let b = -49 + d. Let y be l(b). Let x(u) = u - 8. What is x(y)?
-3
Let b(p) be the first derivative of -p**4/4 - 11*p**3/3 - 7*p**2/2 + 8*p + 1095. Give b(-10).
-22
Let g(m) be the first derivative of -24 + 1/2*m**2 + 5/3*m**3 + 41*m. Let c(u) be the first derivative of g(u). Give c(-1).
-9
Let u(b) = b**2 - 5*b - 5. Let f = -15016 + 15022. Let r(a) = -12 + 3 + a**2 - 2*a - 9. Let y be r(f). What is u(y)?
1
Let m = -11316 - -11320. Let k(p) = -p**3 + 2*p**2 - 6*p - 6. Determine k(m).
-62
Let s(w) = -3*w**2 + 3*w - 32. Let q be s(0). Let x = q - -30. Let h(z) = z - 1. Calculate h(x).
-3
Let m(j) = 4*j**3 + 6*j**2 - 5*j - 7. Let x = 26 - 6. Suppose 19*g = x*g + 2. Let a(h) = 3*h**3 + 6*h**2 - 6*h - 8. Let o(w) = g*m(w) + 3*a(w). Give o(-7).
-3
Suppose -5*h = 3*g - 4, -g + 5*h + 9 = 1. Suppose -g*j - 26 = -x, -6*x + 2*x + 55 = -5*j. Let n(m) = -3 + 1 - m + 2*m + 0*m + 1. Give n(j).
-8
Let t = 17950 - 17943. Let r(w) be the third derivative of w**4/4 - 7*w**3/6 - 2*w**2. Give r(t).
35
Let b(o) be the third derivative of -5*o**4/24 + 26*o**3/3 + 3658*o**2. Determine b(11).
-3
Let a(y) be the first derivative of -y**4/2 + 5*y**3 + 13*y**2/2 + 4*y - 13720. Calculate a(8).
44
Let k(i) = 2*i**2 + 49*i - 54. Let u(f) = 5*f**2 + 103*f + 413. Let z be u(-6). Calculate k(z).
-29
Let a(h) = 6*h**2 - h**3 + 15*h + 2*h + 11*h - 23*h - 8. Let l(b) = 5*b**2 - 2*b + 3. Let q be l(2). Let x be (q/(-57))/((-2)/36). Give a(x).
22
Suppose -7 = 3*g - 7. Suppose x + 4*q + 11 = g, 4*q + 13 = 4*x - 23. Let y(s) = -2*s**2 - 3. Let t(r) = 3*r**2 + 7. Let v(d) = -3*t(d) - 5*y(d). Calculate v(x).
19
Suppose -318*x - 714 = -437*x. Let l(v) = v**2 - 17. Calculate l(x).
19
Suppose 11*k - 846 = -758. Let t(v) = 2*v - 2. Determine t(k).
14
Let w(f) = -4*f + 3. Let z be ((40/12)/(-10))/(3/45). Determine w(z).
23
Let a(c) = c**3 - 21*c**2 + 34*c + 69. Let u be a(19). Let d(t) = 3*t**2 - 18*t - 11. Let h(x) = x**2 - 9*x - 6. Let g(m) = 2*d(m) - 5*h(m). Determine g(u).
-6
Let d(l) = -4 + 4*l - 2 + l**3 - 7*l**2 + 4*l. Let i = 418 - 389. Let k = 35 - i. Calculate d(k).
6
Let r = -816 - -975. Let x = -164 + r. Let u(a) = -4*a - 7. Give u(x).
13
Let r(q) = -q**3 + 47*q**2 + 149*q + 54. Suppose 46*a = -0*a + 716 + 1584. What is r(a)?
4
Let o be ((-6)/(-3))/2 - (-26 + 27). Let t(h) = 10 + 2*h + o*h - 31 + 16 + 2*h. Determine t(-7).
-33
Let d = -309 + 309. Let g(t) = d*t - 5*t - 1436 - 3*t + 1437. Give g(3).
-23
Let x(w) = -w + 4. Suppose 4*o - 213 = -4*f + 5*f, -4*f + 4*o - 840 = 0. Let c = f - -203. Calculate x(c).
10
Let x(i) = i**3 + 6*i**2 + 10*i + 129. Suppose -102*m + 200*m = -327*m - 2975. Determine x(m).
10
Let s(c) = 22*c + 5*c**2 - 20*c + 39*c**3 + 5 - 41*c**3. Suppose -2*w - 4*o = -8 - 12, -2*w + 23 = 5*o. Give s(w).
-35
Suppose -2*b + 2 + 2 = k, 0 = 2*k + 8. Let g(t) = 3 - t**3 + 2*t + t - b*t. Calculate g(0).
3
Let o be 81/(-108)*-8*-4*3/(-36). Let u(z) be the second derivative of -z**3/2 - z**2 - 2*z. Determine u(o).
-8
Let u(s) = -s. Let p be u(0). Suppose 0 = -3*w - g + 3, 0*w - 3*w - 5*g + 15 = p. Let d be (2 - 1)*(-5 + 0) - w. Let i(o) = -o**2 - 5*o - 7. What is i(d)?
-7
Let q(c) = c**2 + 2*c - 6884 - 6886 + 13767. Give q(-4).
5
Let j(f) be the first derivative of 0*f - 5/12*f**4 - 15 + 2*f**3 - 1/360*f**6 + 0*f**2 + 0*f**5. Let x(d) be the third derivative of j(d). Calculate x(0).
-10
Let k(v) = -97*v + 105. Let d be k(-18). Let u(l) = 1852*l - d*l - 2 + 0 + 0. Give u(-5).
-7
Let f(x) = x**2 - 7*x + 2. Let y = -41 + 48. Let z be f(y). Let t(b) = -5*b + z*b + 25 - 33 + 2*b. What is t(0)?
-8
Let u(s) be the second derivative of 52*s + 0 + 1/6*s**3 + 3*s**2. Suppose h + 5 = -4. Calculate u(h).
-3
Let x(l) = 5*l**2 + 3*l**2 - l - 1 + 3 - 6*l**2. Let r(t) = -4*t**2 - 3*t**2 + 13*t**2 - 5*t + 2 - t**3. Let o be r(5). Determine x(o).
8
Let g = -175 - -178. Let s(l) = -3*l + 1. Let k(t) = t**2 + 4*t - 2. Let y(a) = g*k(a) + 4*s(a). Calculate y(-2).
10
Let o(f) = -11*f + 1 + 2 - 8*f + 2*f**2. Let n be o(9). Let s be (-208)/(-39) - (-2)/n. Let j(r) = 4*r - 7. What is j(s)?
13
Let f(o) = -7 + 440787*o + 4*o**2 - 220394*o - 220392*o. Calculate f(4).
61
Let p(x) = -2*x**3 + 8*x**2 - 5*x + 6. Suppose -3*z + 29 = 4*s, -2*z + 6*z - 7 = s. Give p(s).
-69
Let j(z) = -2*z**3 - 5*z**2 - 4*z - 1. Let h(w) = 2*w**2 - w - 36. Let f be h(-6). Suppose f = -14*t - 0. Calculate j(t).
20
Let m(w) = 10 + 7